69. Let n = -26 - 14. Let q = -26 - n. Calculate the highest common divisor of z and q.
14
Let q(g) = 2*g - 3. Let a be q(2). Suppose -1 - 5 = j + 3*t, j + 3 = -2*t. Let d be 4 + 3*(-2)/j. What is the highest common factor of d and a?
1
Let a(l) = l + 15. Let k be a(0). Let m = -19 + k. Let w be (-4)/6*6/m. What is the greatest common factor of 7 and w?
1
Suppose 27 + 3 = 5*c. Let b = 10 + c. Let t = b + -9. What is the highest common factor of t and 7?
7
Let q(c) = 2*c + 40*c**3 + 2*c**2 - 1 + 41*c**3 - 79*c**3. Let p be q(2). Calculate the highest common divisor of p and 9.
9
Let o(b) = 12*b. Let a be 12/3 - 2 - -7. Let x be o(a). What is the greatest common divisor of x and 12?
12
Let o = 23 + -11. Suppose 5*f = -z + 14, -3*f + 2*z + 0 - 2 = 0. Suppose -f*y + 24 = -y. Calculate the greatest common factor of o and y.
12
Suppose -5*u + 2*o + 705 = -3*o, 3 = o. What is the greatest common factor of 216 and u?
72
Let s(h) = 83*h + 2. Let n be s(-6). Let q be n/(-28) + 6/21. Let a be (20/3)/5*q. Calculate the highest common factor of 240 and a.
24
Suppose 3*y + 986 = -4*d + 6*d, 4*d + 5*y - 1972 = 0. Calculate the highest common divisor of 29 and d.
29
Suppose 467 = u - 91. Calculate the greatest common factor of 62 and u.
62
Let m = 892 - 877. What is the greatest common divisor of m and 15?
15
Let k be 4/3*(1 - -2). Let q be ((-108)/(-21))/(4/((-224)/(-12))). Let m = k + q. What is the highest common divisor of m and 7?
7
Let n = -5284 + 5394. Suppose -47 - 61 = x. Let o = -64 - x. Calculate the greatest common factor of n and o.
22
Suppose 4*r + 2*i + i - 64 = 0, 5*r - 81 = -4*i. Let z(g) = -g**3 - 16*g**2 - 9*g - 40. Let s be z(-16). Calculate the greatest common divisor of r and s.
13
Suppose 10*d - 187 = 593. What is the greatest common divisor of d and 195?
39
Suppose -3*b - 11 = -3*s + 1, 2*b = s - 9. Let u(w) = -2*w - 5. Let q be u(b). Suppose -v = -q*v + 28. What is the highest common factor of v and 28?
7
Let h(s) = s**2 - 6*s + 6. Let k(n) = 8*n - 3. Let x be k(2). Let g = x + -5. Let c be h(g). Calculate the greatest common divisor of 11 and c.
11
Let y = 87 - 40. What is the greatest common factor of y and 188?
47
Let k(s) = s**3 + s**2 + 172. Let m = 24 + -24. Let v be k(m). Let n be v/14 - (-2)/(-7). Calculate the highest common divisor of 18 and n.
6
Let h be ((-15)/(-20))/((-2)/(-160)). What is the greatest common divisor of 160 and h?
20
Suppose 2*s = -5*x - 72, -s - 5*x - 154 = 3*s. Let w = s + 62. Let k(b) = 7*b. Let a be k(1). Calculate the highest common factor of w and a.
7
Suppose -n + 35 - 12 = -3*t, -3*t + 5 = n. Calculate the highest common factor of n and 10.
2
Let p = -16 - -106. Let l be (54/p)/((-1)/(-5)). Let c be 12 + 0 - (5 - l). Calculate the greatest common factor of c and 70.
10
Let y(n) = n + 6. Let a be y(-5). Let l = 135 + a. What is the highest common divisor of 17 and l?
17
Let t = 240 + -208. Calculate the highest common divisor of t and 16.
16
Let c = -24 - -36. Calculate the greatest common factor of 12 and c.
12
Let v = -183 + 191. What is the highest common factor of v and 328?
8
Suppose -33 = -48*y + 45*y. Suppose -13*k + 96 = -y*k. What is the highest common factor of 48 and k?
48
Suppose 306*g + 260 = 308*g. What is the greatest common divisor of g and 65?
65
Let q(i) = 65*i + 684. Let f be q(-10). Suppose -442 = -3*b - 34. What is the highest common divisor of f and b?
34
Let p be (-27 - -71)*(-1)/(-2). Calculate the greatest common factor of p and 726.
22
Let v = 76 + -106. Let q be v/(-4)*(84/15 + 4). Calculate the greatest common divisor of q and 180.
36
Let f = -29 - -41. Suppose 6*h - 18 - f = 0. Calculate the greatest common factor of h and 25.
5
Let x be (152/(-24) - -3)*-222. What is the greatest common divisor of 10 and x?
10
Let c = 39 + -31. Suppose -225 = -7*q - c*q. Let x(y) = y + 4. Let h be x(6). What is the highest common divisor of q and h?
5
Let s be 220/99 + 2/(-9). Let q(c) = 3*c**2 - s*c**2 - 61 + 55 - 6*c. Let g be q(-3). Calculate the highest common divisor of g and 7.
7
Suppose -50 = -15*t + 5*t. What is the highest common factor of 5 and t?
5
Let i be 6622/18 - 8/(-72). What is the greatest common factor of 16 and i?
16
Suppose 0 = -17*b - 0*b + 1785. What is the greatest common divisor of b and 140?
35
Let o = 584 + -207. Calculate the highest common divisor of o and 29.
29
Let d = 401 - 369. Calculate the highest common factor of d and 20.
4
Let v = 274 + -212. What is the greatest common divisor of 217 and v?
31
Suppose 33*i + 5*v = 35*i - 16, -4*v = -4*i + 44. Calculate the greatest common divisor of 26 and i.
13
Let k = -89 - -124. Let c = 155 - 105. Suppose -c = -k*l + 30*l. Calculate the highest common divisor of 50 and l.
10
Suppose -31*a = -4037 + 317. Suppose 0 = -4*w + 115 - 19. Calculate the highest common factor of w and a.
24
Suppose 4*y - g - 164 = 0, 2*g - 144 = -4*y - 2*g. Suppose 0 = -3*a - q - 2*q + 42, -y = -5*a + 5*q. What is the highest common factor of 176 and a?
11
Suppose -9*p - 402 = -510. Calculate the highest common divisor of 4812 and p.
12
Suppose b = -0*b + 347. Let d = b - 235. Let i = 3350 + -3334. Calculate the highest common factor of d and i.
16
Suppose q + 333 = 10*q. Calculate the highest common factor of 37 and q.
37
Suppose 56*j + 24 = 60*j. Suppose 2*f = -2*k + 26, 3*k - 4*k + 4*f + 23 = 0. Let l = k - j. What is the highest common divisor of 9 and l?
9
Let g be (3/((-15)/16))/(2/(-20)). Let o = -12 + g. What is the greatest common factor of 10 and o?
10
Suppose 0 = -35*o + 37*o - 18. Let f(d) = d**3 - 8*d**2 - 6*d - 21. Let y be f(o). Suppose 38 = 2*a - 58. Calculate the greatest common factor of y and a.
6
Let g be 6 + 2 + 23 + -5. What is the highest common factor of 1 and g?
1
Let b = -1 + 7. Suppose 2*o + b = 5*u + 49, 0 = o + 4*u + 11. Suppose -2*j = -31 - 23. Calculate the greatest common factor of o and j.
9
Suppose -7*w - 7 + 1078 = 0. Let y(v) = v + 18. Let u be y(0). Suppose u = 2*x - 4*h, -2*x + 7*h + 14 = 2*h. What is the highest common divisor of w and x?
17
Suppose 0 = 3*r - 2*x - 810, -60*r + 4*x = -59*r - 270. Calculate the highest common divisor of r and 216.
54
Suppose 6*g - 11 = 1. Let c be (g - 3)/((-2 + -4)/612). What is the greatest common factor of 17 and c?
17
Suppose -8*c + 5*c + 138 = 0. What is the greatest common factor of 207 and c?
23
Suppose -2487 = -3*o + 4*q, -2*o + 14*q - 16*q + 1672 = 0. What is the highest common factor of 34 and o?
17
Suppose 4*q = 2 + 10. Suppose 3*j = 2*z + 15, -q*j - z = j - 9. Suppose -j*r + 29 = -61. What is the highest common factor of 45 and r?
15
Let t = 91 - 61. Let v = 23 + -17. Suppose 5*b - 57 = -3*k + v, 0 = b + k - 13. What is the greatest common factor of b and t?
6
Let l be 2 + ((-276)/(-4) - -1). Suppose 8*r - 297 = 1143. What is the highest common factor of l and r?
36
Let r = 89 + -23. Suppose 2*y - r = -4*y. What is the highest common divisor of 11 and y?
11
Let c be 46/3*(-12)/(-8). What is the highest common divisor of c and 115?
23
Let j(u) = 2*u**2 + 9*u + 12. Let c be j(0). Calculate the highest common factor of c and 4.
4
Let p be 7*(2 - (-58)/7). Suppose o = -2*o + 12, 8 = 4*v + 2*o. Suppose 7*d - 63 + 0 = v. What is the greatest common factor of p and d?
9
Let r(c) = -2*c - 16. Let o be r(-9). Let d(u) = -2*u + 4. Let t be d(0). What is the greatest common divisor of o and t?
2
Suppose 5*n - 12*n = 49. Let g be ((-588)/8)/n - (-15)/10. Calculate the greatest common factor of g and 96.
12
Suppose u + 29 = 3*u + w, 4*u = 4*w + 76. Let m(p) = 2*p**3 + 14*p**2 - 2*p - 10. Let f be m(-7). Calculate the highest common divisor of f and u.
4
Let y = 41 - 29. Suppose -2*q - q = 3*i - 45, -q + 6 = 4*i. What is the highest common factor of q and y?
6
Let y = -185 - -193. What is the greatest common divisor of 808 and y?
8
Suppose 4*a - 7*a - 18 = 0. Let n be (a/9)/(3/(-405)). Suppose s = -s + n. What is the greatest common factor of s and 30?
15
Let v = -17 + 14. Let d be 1/v - 199/(-3). Calculate the greatest common divisor of 44 and d.
22
Let r = 624 + -546. What is the highest common divisor of 66 and r?
6
Let b be 28 + 0 + -4 + 2. Let o be (b/4)/((-4)/(-16)). Suppose 2*x = o - 22. Calculate the highest common divisor of x and 10.
2
Suppose -4*m - 2 =